{"id":9,"date":"2018-01-10T15:30:26","date_gmt":"2018-01-10T14:30:26","guid":{"rendered":"http:\/\/litev.com\/home\/?page_id=9"},"modified":"2018-01-19T02:26:03","modified_gmt":"2018-01-19T01:26:03","slug":"ueber-litev","status":"publish","type":"page","link":"https:\/\/litev.com\/home\/?page_id=9","title":{"rendered":"\u00dcber LiTEV"},"content":{"rendered":"<p>LiTEV ist ein Dienstleistungsunternehmen, spezialisiert auf die Vereinfachung von Abl\u00e4ufen bei der Informationsbeschaffung von Fachmedien und Weitergabe an ihre Kunden.<\/p>\n<p>Gegr\u00fcndet 1985, mit Fokusierung auf den Bereich der steuerberatenden und wirtschaftspr\u00fcfenden Berufe, erweiterte sich das Gesch\u00e4ftsfeld mit \u00d6ffnung der neuen Bundesl\u00e4nder auf Unternehmen aus allen Bereichen der Wirtschaft.<\/p>\n<p>Ihr Konzept, aus der F\u00fclle von Informationen, ma\u00dfgeschneiderte L\u00f6sungen f\u00fcr ihre Kunden anzubieten, wurde kontinuierlich weiter entwickelt und den jeweiligen Anforderungen des Marktes angepasst.<\/p>\n<p>Schwerpunkt ist die Beratung und Optimierung des individuellen Bedarfs an Literatur und Fachinformationen \u2013 unabh\u00e4ngig und kompetent.<br \/>\nInnovative L\u00f6sungen mit Blick auf neue Herausforderungen sind unsere St\u00e4rke; dabei pflegen wir langj\u00e4hrige, partnerschaftliche Gesch\u00e4ftsbeziehungen zu unseren Kunden und Partner-Verlagen.<\/p>\n<p><a href=\"http:\/\/litev.com\/home\/?page_id=74\">Unsere Serviceleistungen<\/a><\/p>\n","protected":false},"excerpt":{"rendered":"<p>LiTEV ist ein Dienstleistungsunternehmen, spezialisiert auf die Vereinfachung von Abl\u00e4ufen bei der Informationsbeschaffung von Fachmedien und Weitergabe an ihre Kunden. Gegr\u00fcndet 1985, mit Fokusierung auf den Bereich der steuerberatenden und wirtschaftspr\u00fcfenden Berufe, erweiterte sich das Gesch\u00e4ftsfeld mit \u00d6ffnung der neuen<\/p>\n","protected":false},"author":1,"featured_media":0,"parent":0,"menu_order":20,"comment_status":"closed","ping_status":"closed","template":"","meta":{"footnotes":""},"_links":{"self":[{"href":"https:\/\/litev.com\/home\/index.php?rest_route=\/wp\/v2\/pages\/9"}],"collection":[{"href":"https:\/\/litev.com\/home\/index.php?rest_route=\/wp\/v2\/pages"}],"about":[{"href":"https:\/\/litev.com\/home\/index.php?rest_route=\/wp\/v2\/types\/page"}],"author":[{"embeddable":true,"href":"https:\/\/litev.com\/home\/index.php?rest_route=\/wp\/v2\/users\/1"}],"replies":[{"embeddable":true,"href":"https:\/\/litev.com\/home\/index.php?rest_route=%2Fwp%2Fv2%2Fcomments&post=9"}],"version-history":[{"count":7,"href":"https:\/\/litev.com\/home\/index.php?rest_route=\/wp\/v2\/pages\/9\/revisions"}],"predecessor-version":[{"id":136,"href":"https:\/\/litev.com\/home\/index.php?rest_route=\/wp\/v2\/pages\/9\/revisions\/136"}],"wp:attachment":[{"href":"https:\/\/litev.com\/home\/index.php?rest_route=%2Fwp%2Fv2%2Fmedia&parent=9"}],"curies":[{"name":"wp","href":"https:\/\/api.w.org\/{rel}","templated":true}]}}