{"id":21,"date":"2018-01-10T16:11:07","date_gmt":"2018-01-10T15:11:07","guid":{"rendered":"http:\/\/litev.com\/home\/?page_id=21"},"modified":"2018-05-04T13:45:55","modified_gmt":"2018-05-04T12:45:55","slug":"impressum","status":"publish","type":"page","link":"https:\/\/litev.com\/home\/?page_id=21","title":{"rendered":"Impressum"},"content":{"rendered":"<p><strong><span style=\"color: #008080;\">Angaben gem\u00e4\u00df \u00a7 5 TMG<\/span><\/strong><\/p>\n<p><span style=\"color: #008080;\">Unternehmen:<\/span><br \/>\nLiTEV e.K.<br \/>\nLiteraturverbund f\u00fcr Steuer- &amp; Rechtsberatende Berufe<\/p>\n<p><span style=\"color: #008080;\">Inhaber:<\/span> Margarete Kumpfm\u00fcller<\/p>\n<p><span style=\"color: #008080;\">Adresse:<\/span><br \/>\nGai\u00dfing 12<br \/>\nD &#8211; 94374 Schwarzach<br \/>\nGermany<\/p>\n<p><span style=\"color: #008080;\">Telefon:<\/span>\u00a0 +49 99 62 &#8211; 91 00 00<br \/>\n<span style=\"color: #008080;\">Fax:<\/span>\u00a0 +49 99 62 &#8211; 25 99<br \/>\n<span style=\"color: #008080;\">eMail:<\/span>\u00a0 literaturverbund &lt;at&gt; litev.com<\/p>\n<p><span style=\"color: #008080;\">Registergericht:<\/span> Straubing<br \/>\n<span style=\"color: #008080;\">Registernummer:<\/span> HRA 1967<\/p>\n<p><span style=\"color: #008080;\">USt.-IdNr.:<\/span> DE 131415843<\/p>\n<p><span style=\"color: #008080;\">Inhaltlich verantwortlich gem\u00e4\u00df \u00a7 55 RStV:\u00a0<\/span> Margarete Kumpfm\u00fcller<\/p>\n<p><span style=\"color: #008080;\">Preise:\u00a0<\/span> Bei allen Preisangaben sind \u00c4nderungen und Irrt\u00fcmer nicht ausgeschlossen.<\/p>\n<p><span style=\"color: #008080;\">Online-Streitbeilegung<br \/>\n<\/span>Die Europ\u00e4ische Kommission stellt unter https:\/\/ec.europa.eu\/consumers\/odr\/ eine Plattform zur<br \/>\nOnline-Streitbeilegung bereit, die Verbraucher f\u00fcr die Beilegung einer Streitigkeit nutzen k\u00f6nnen und<br \/>\nauf der weitere Informationen zum Thema Streitschlichtung zu finden sind.<\/p>\n<p><span style=\"color: #008080;\">Au\u00dfergerichtliche Streitbeilegung<br \/>\n<\/span>Wir sind weder verpflichtet noch dazu bereit, im Falle einer Streitigkeit mit einem Verbraucher an &#8218;<br \/>\neinem Streitbeilegungsverfahren vor einer Verbraucherschlichtungsstelle teilzunehmen.<\/p>\n<p><span style=\"color: #008080;\">Disclaimer<\/span><br \/>\nDie Inhalte der Internetseiten werden sorgf\u00e4ltig gepr\u00fcft und nach bestem Wissen erstellt.<br \/>\nJedoch kann keinerlei Gew\u00e4hr f\u00fcr die Korrektheit, Vollst\u00e4ndigkeit, Aktualit\u00e4t oder Qualit\u00e4t<br \/>\nder bereitgestellten Informationen \u00fcbernommen werden. Haftungsanspr\u00fcche gegen die<br \/>\nLiTEV e.K., welche sich auf Sch\u00e4den materieller oder ideeller Art beziehen, die durch die<br \/>\nNutzung oder Nichtnutzung der dargebotenen Informationen bzw. durch die Nutzung<br \/>\nfehlerhafter und unvollst\u00e4ndiger Informationen verursacht wurden, sind grunds\u00e4tzlich<br \/>\nausgeschlossen, sofern auf Seiten der LiTEV e.K. kein nachweislich vors\u00e4tzliches oder<br \/>\ngrob fahrl\u00e4ssiges Verschulden vorliegt.<br \/>\nNamentlich gekennzeichnete Beitr\u00e4ge spiegeln nicht unbedingt die Meinung des<br \/>\nHerausgebers wider.<br \/>\nSofern auf dieser Homepage mittels Hyperlink auf andere Webseiten verwiesen wird, kann<br \/>\nkeine Haftung f\u00fcr die Aktualit\u00e4t, Richtigkeit oder Vollst\u00e4ndigkeit der dort zur Verf\u00fcgung<br \/>\ngestellten Informationen \u00fcbernommen werden. F\u00fcr den Inhalt verlinkter Webseiten ist der<br \/>\nInhaber dieser Homepage nicht verantwortlich.<\/p>\n","protected":false},"excerpt":{"rendered":"<p>Angaben gem\u00e4\u00df \u00a7 5 TMG Unternehmen: LiTEV e.K. Literaturverbund f\u00fcr Steuer- &amp; Rechtsberatende Berufe Inhaber: Margarete Kumpfm\u00fcller Adresse: Gai\u00dfing 12 D &#8211; 94374 Schwarzach Germany Telefon:\u00a0 +49 99 62 &#8211; 91 00 00 Fax:\u00a0 +49 99 62 &#8211; 25 99<\/p>\n","protected":false},"author":1,"featured_media":0,"parent":0,"menu_order":120,"comment_status":"closed","ping_status":"closed","template":"","meta":{"footnotes":""},"_links":{"self":[{"href":"https:\/\/litev.com\/home\/index.php?rest_route=\/wp\/v2\/pages\/21"}],"collection":[{"href":"https:\/\/litev.com\/home\/index.php?rest_route=\/wp\/v2\/pages"}],"about":[{"href":"https:\/\/litev.com\/home\/index.php?rest_route=\/wp\/v2\/types\/page"}],"author":[{"embeddable":true,"href":"https:\/\/litev.com\/home\/index.php?rest_route=\/wp\/v2\/users\/1"}],"replies":[{"embeddable":true,"href":"https:\/\/litev.com\/home\/index.php?rest_route=%2Fwp%2Fv2%2Fcomments&post=21"}],"version-history":[{"count":6,"href":"https:\/\/litev.com\/home\/index.php?rest_route=\/wp\/v2\/pages\/21\/revisions"}],"predecessor-version":[{"id":501,"href":"https:\/\/litev.com\/home\/index.php?rest_route=\/wp\/v2\/pages\/21\/revisions\/501"}],"wp:attachment":[{"href":"https:\/\/litev.com\/home\/index.php?rest_route=%2Fwp%2Fv2%2Fmedia&parent=21"}],"curies":[{"name":"wp","href":"https:\/\/api.w.org\/{rel}","templated":true}]}}